factor of f and 299?
23
Let x = -19 - -19. Suppose x = 9*h - 296 - 55. Let y = h + -29. Calculate the greatest common divisor of 90 and y.
10
Let c be (0 + 920/(-16))/(1/(-2)). Calculate the highest common factor of 5 and c.
5
Suppose 0 = -7*c + 20 - 6. Suppose -c*j + 6*o + 112 = 2*o, 4*o = -5*j + 266. What is the highest common divisor of 27 and j?
27
Suppose 6*y + 17 - 155 = 0. Suppose -3*m = p - 0*m - 10, 3*p - y = -2*m. What is the highest common divisor of p and 7?
7
Suppose -9*d = -33 - 39. Calculate the highest common factor of d and 360.
8
Suppose -5*p + 1771 = -3*u, 5*u + 1421 = 4*p + 4*u. Suppose b - 2*o = -0*o + p, -3*b + 3*o + 1062 = 0. Calculate the greatest common divisor of 32 and b.
32
Let p = 75 + 62. Let t = 143 + p. What is the greatest common factor of t and 28?
28
Let d = 11 - 7. Suppose 0 = 3*u - 8 + 2, 1200 = 2*j - 5*u. Let t be j/30 - (-3)/(-18). Calculate the greatest common divisor of d and t.
4
Suppose -338 = -17*g + 1464. What is the greatest common factor of g and 159?
53
Let c = -136 - -194. Let a = -52 + c. Calculate the highest common factor of 6 and a.
6
Let x be 89 - (-7)/(-2 - -3). What is the greatest common factor of 640 and x?
32
Let r(j) = -2*j**3 - j**2 + 2*j. Let s be r(-4). Let z be ((-21)/2)/((-2)/4). Suppose -h = 8 - z. What is the greatest common divisor of s and h?
13
Let y = 26 + -28. Let c be (-4)/y - (-176)/16. Calculate the highest common factor of 130 and c.
13
Suppose 0 = 5*m + 3*p - 3039, -2*m + 1283 = 4*p + 73. Calculate the highest common factor of 21 and m.
21
Let w = -9 + 21. Suppose -3*a + 3 = -w. Suppose 0 = -a*o + 5*m + 190, -o - m = 2*m - 46. Calculate the greatest common divisor of 8 and o.
8
Let h(t) be the third derivative of t**4/12 + 5*t**3/6 + 7*t**2. Let o be h(5). What is the highest common factor of o and 15?
15
Let a(r) = r**2 - 6. Let p be a(-3). Let q be ((-108)/21)/(9/(-42)). Calculate the greatest common factor of p and q.
3
Let m(k) = 2*k**2 + 17*k + 12. Let p be m(-15). Let f = -100 + p. Suppose b + 2 = f. Calculate the greatest common divisor of b and 15.
15
Let z = 145 + -26. Calculate the highest common divisor of z and 833.
119
Let i be 2/3 + (-9)/((-81)/174). Let h be ((-99)/15)/((-4)/i). Suppose 19 = 5*o + 4. What is the greatest common factor of o and h?
3
Let o(v) = -43*v + 6. Let p(y) = 4*y. Let q(l) = -4*o(l) - 44*p(l). Let w be q(-16). Calculate the greatest common divisor of w and 16.
8
Let g(f) = -f**2 + 4*f + 1. Let z be g(5). Let n be (-2 - 45/(-20)) + (-203)/z. What is the highest common divisor of 3 and n?
3
Suppose 0 = -4*c - 4, -j - j + 3*c = -39. Let o be 6*2/4 + 3. Calculate the highest common divisor of j and o.
6
Let r = -326 + 582. Calculate the highest common factor of 192 and r.
64
Suppose -x - 231 = -246. What is the greatest common factor of x and 3?
3
Suppose -93*a = -94*a + 1. What is the highest common divisor of a and 27?
1
Let a be 22 + (-45)/3 - (-6)/(-1). Let h(i) = -i + 23. Let v be h(0). What is the greatest common factor of v and a?
1
Let r be (-77)/(-3) - -2 - 30/45. Suppose -h = -4*q - 6*h + r, -5*h - 25 = 0. Suppose -2*w + 84 = -124. What is the highest common divisor of q and w?
13
Let k(l) = -1 - l**2 + 79*l + 6*l**3 - 77*l + 0. Suppose -3*d + 0 = -3. Let a be k(d). What is the highest common divisor of a and 48?
6
Let l(d) = -d**3 - 6*d**2 - 7*d - 4. Let s be l(-5). Let t = -1002 + 1068. What is the greatest common factor of s and t?
6
Let k = -6 + 11. Suppose -2*p - p + 12 = 2*o, -k*p = -4*o - 20. Suppose 192 = p*v + d, 4*v - 8*v - 4*d = -192. Calculate the highest common divisor of 6 and v.
6
Let s be (-2)/5*(-2)/(-4)*70. Let w = 32 + -16. Let y = w + s. Calculate the greatest common factor of 1 and y.
1
Suppose 5*a + 100 = 5*s, 5*s - 35 = -5*a + 45. Calculate the highest common divisor of 270 and s.
18
Let z = -19 - -51. Let n(j) = j**2 + 3*j - 1. Let f be n(-3). Let o be (13 - -1) + f - -3. Calculate the highest common factor of z and o.
16
Let f(c) = 11*c**2 - 3*c**3 - c**3 + 5 + 5*c**3. Let w be f(-11). Suppose 3*n - 99 = -2*v, 10 = n - 4*v - 37. What is the greatest common factor of n and w?
5
Let l = -290 - -432. Suppose 9*z = 236 + l. Calculate the greatest common divisor of 63 and z.
21
Suppose 0 = -4*h + 12, 5*f + h = -3*h - 1398. Let d = f - -169. Let i = -25 - d. Calculate the highest common factor of 8 and i.
8
Let l = 204 - -731. What is the highest common factor of 255 and l?
85
Let h be (28/(-18))/((-11)/99). Suppose 4*z + 2 = -2. Let v be 15 + 0/1 + z. Calculate the highest common factor of v and h.
14
Suppose -8*c = c - 1269. What is the highest common divisor of c and 188?
47
Let l be (-8 - (-1)/1) + 37. Calculate the highest common factor of l and 190.
10
Let k = 658 + -642. Calculate the highest common divisor of k and 16.
16
Let q = -7 - -10. Let z be (-4)/12 + 19/q. Let c be (-1)/1 + 1*25. Calculate the highest common factor of c and z.
6
Let l = -79 + 183. Calculate the greatest common divisor of 26 and l.
26
Let n(y) = y**2 + 2*y - 18. Let k(i) = -i**3 + 17*i**2 - 15*i - 23. Let x be k(16). Let d be n(x). Calculate the highest common divisor of d and 17.
17
Suppose -n = 2 - 12. Let r = n - 5. Let k be (-5)/(r/(-2)) + 2. What is the greatest common factor of 44 and k?
4
Let r(y) = y + 27. Suppose 0 = 5*d - i + 100, 0*d + 20 = -d + 5*i. Let x be r(d). Calculate the greatest common divisor of 21 and x.
7
Suppose 9*u - 14*u + 805 = 5*c, -1079 = -7*u + c. Suppose -w + 9 - 45 = -t, -4*t + 104 = 4*w. What is the highest common divisor of u and t?
31
Let m(z) = 17*z**2 + 4*z + 3. Let f be m(-3). What is the highest common divisor of 64 and f?
16
Let v = 588 - 540. Suppose 4*z + z - 254 = -2*b, -4*b = -8. Let x = -34 + z. Calculate the greatest common divisor of v and x.
16
Let h be (-1)/(-3)*(-420)/(-20). Suppose 24 = 4*c - 4*b, -2*b = -3*c - h*b + 42. Calculate the greatest common factor of c and 81.
9
Let x be ((-4)/(-7))/((-4)/(-14)). Suppose -x + 12 = 5*i. What is the highest common divisor of i and 10?
2
Suppose 3*w = 5*a - 324, -4*a + 11*w + 258 = 8*w. What is the highest common factor of 957 and a?
33
Let c be 0 + (6*-18)/(-2). Let o = -524 - -533. What is the greatest common divisor of o and c?
9
Let y(s) = 3*s - 9. Let u be y(8). Let g(l) = -30 - l + 26 + u + 79. Let c be g(0). Calculate the greatest common divisor of c and 10.
10
Let k = 84 + -60. Let f be (-8)/(-24) + (-1367)/(-3). Let a = -192 + f. Calculate the highest common factor of a and k.
24
Let y(a) = -51*a + 303. Let n be y(5). What is the greatest common factor of n and 150?
6
Let n be 4 + 0 + (-69)/(-3). Let p = n - 7. What is the greatest common factor of 220 and p?
20
Let p = 18 - 13. Suppose -4 - 6 = -p*a. Let v be 7/a*12/7. Calculate the highest common factor of v and 24.
6
Suppose -707 = -5*p - 2*y, 3*p + 5*y = 4*p - 163. Calculate the greatest common divisor of p and 13.
13
Let o(s) = -9 + 0 - 2*s**3 - 4*s**2 + 8. Let d be o(-3). Calculate the highest common divisor of 136 and d.
17
Suppose u - 15 = -3. Let w = 26 - 4. Let s = 82 - w. What is the highest common divisor of s and u?
12
Suppose 4 + 3 = i. Let v be ((-18)/15)/(2/(-10)). Suppose -2*m + v = -50. Calculate the greatest common factor of i and m.
7
Let h = 1 + 13. Suppose -5 = -5*w, -4*z + 2*w = 13 + 21. Let o be 71 - (26/22 + z/44). Calculate the greatest common divisor of h and o.
14
Let y be (-12)/(-16) - (-394)/8. Calculate the highest common factor of 75 and y.
25
Let h be (-18)/(-24) - (-114)/8. Suppose h = 3*b, 0 = 2*t + 2*b + 9 - 25. Suppose -t*n + 1155 = 2*n. Calculate the highest common divisor of n and 21.
21
Let k(r) = r**3 + 8*r**2 - 21*r - 58. Let d be k(-8). Calculate the greatest common factor of d and 1265.
55
Suppose 0 = -27*q + 982 + 98. What is the highest common divisor of 140 and q?
20
Suppose 0 = 4*y - x - 60, -4*x - 17 = -2*y - 1. What is the highest common divisor of y and 904?
8
Let f(i) = 6*i - 66. Let r be f(16). Let c be 2 - (-8)/(-6)*-3. What is the highest common factor of c and r?
6
Let d = 15 + -11. Let b(x) = x**3 + 11*x**2 + 16*x - 18. Let r be b(-9). Suppose 4*j - 14*j + 160 = r. Calculate the greatest common factor of j and d.
4
Let k be 2 + (-7)/3 - 700/(-30). Suppose k = -6*d + 119. What is the greatest common factor of d and 4